s of 143640?
2, 3, 5, 7, 19
What are the prime factors of 53294?
2, 26647
What are the prime factors of 291?
3, 97
What are the prime factors of 1108?
2, 277
List the prime factors of 11594.
2, 11, 17, 31
List the prime factors of 58652.
2, 11, 31, 43
What are the prime factors of 136?
2, 17
List the prime factors of 6367.
6367
List the prime factors of 14058.
2, 3, 11, 71
List the prime factors of 2794.
2, 11, 127
What are the prime factors of 80?
2, 5
What are the prime factors of 17702?
2, 53, 167
List the prime factors of 59854.
2, 29927
What are the prime factors of 4172?
2, 7, 149
What are the prime factors of 2234?
2, 1117
List the prime factors of 2138.
2, 1069
List the prime factors of 2418.
2, 3, 13, 31
What are the prime factors of 170565?
3, 5, 83, 137
List the prime factors of 570.
2, 3, 5, 19
What are the prime factors of 44664?
2, 3, 1861
List the prime factors of 67612.
2, 16903
What are the prime factors of 3044?
2, 761
List the prime factors of 46248.
2, 3, 41, 47
What are the prime factors of 28455?
3, 5, 7, 271
List the prime factors of 21376.
2, 167
What are the prime factors of 1914?
2, 3, 11, 29
List the prime factors of 8056.
2, 19, 53
List the prime factors of 16.
2
List the prime factors of 6928.
2, 433
List the prime factors of 3688.
2, 461
What are the prime factors of 16671?
3, 5557
What are the prime factors of 1040?
2, 5, 13
List the prime factors of 6307.
7, 17, 53
What are the prime factors of 14652?
2, 3, 11, 37
List the prime factors of 330.
2, 3, 5, 11
List the prime factors of 12962.
2, 6481
List the prime factors of 5730.
2, 3, 5, 191
What are the prime factors of 2956?
2, 739
List the prime factors of 1116.
2, 3, 31
List the prime factors of 6622.
2, 7, 11, 43
List the prime factors of 1334.
2, 23, 29
List the prime factors of 175.
5, 7
What are the prime factors of 11353?
11353
List the prime factors of 155701.
7, 13, 29, 59
What are the prime factors of 17990?
2, 5, 7, 257
What are the prime factors of 12907?
12907
List the prime factors of 40807.
13, 43, 73
What are the prime factors of 2843?
2843
List the prime factors of 1900.
2, 5, 19
What are the prime factors of 22731?
3, 7577
List the prime factors of 79043.
79043
What are the prime factors of 725?
5, 29
List the prime factors of 948.
2, 3, 79
List the prime factors of 14725.
5, 19, 31
What are the prime factors of 637?
7, 13
List the prime factors of 14298.
2, 3, 2383
List the prime factors of 50674.
2, 13, 1949
List the prime factors of 13040.
2, 5, 163
List the prime factors of 68.
2, 17
List the prime factors of 5955.
3, 5, 397
What are the prime factors of 1459?
1459
What are the prime factors of 1070?
2, 5, 107
What are the prime factors of 4887?
3, 181
What are the prime factors of 744?
2, 3, 31
List the prime factors of 1034.
2, 11, 47
List the prime factors of 10111.
10111
What are the prime factors of 3726?
2, 3, 23
What are the prime factors of 2259?
3, 251
List the prime factors of 278.
2, 139
What are the prime factors of 1428?
2, 3, 7, 17
List the prime factors of 961.
31
What are the prime factors of 110078?
2, 23, 2393
List the prime factors of 67724.
2, 16931
List the prime factors of 2408.
2, 7, 43
What are the prime factors of 12677?
7, 1811
What are the prime factors of 320?
2, 5
List the prime factors of 1080.
2, 3, 5
What are the prime factors of 2583?
3, 7, 41
List the prime factors of 8454.
2, 3, 1409
List the prime factors of 64724.
2, 11, 1471
List the prime factors of 5557.
5557
List the prime factors of 3772.
2, 23, 41
What are the prime factors of 433?
433
List the prime factors of 23029.
23029
What are the prime factors of 36715?
5, 7, 1049
What are the prime factors of 796?
2, 199
What are the prime factors of 53812?
2, 11, 1223
List the prime factors of 1375.
5, 11
What are the prime factors of 140742?
2, 3, 7, 1117
List the prime factors of 25383.
3, 8461
List the prime factors of 36168.
2, 3, 11, 137
List the prime factors of 5720.
2, 5, 11, 13
What are the prime factors of 7900?
2, 5, 79
What are the prime factors of 1104?
2, 3, 23
What are the prime factors of 8598?
2, 3, 1433
List the prime factors of 3174.
2, 3, 23
List the prime factors of 3073.
7, 439
List the prime factors of 1190.
2, 5, 7, 17
What are the prime factors of 877?
877
What are the prime factors of 1200?
2, 3, 5
What are the prime factors of 96?
2, 3
What are the prime factors of 20345?
5, 13, 313
What are the prime factors of 19531?
19531
List the prime factors of 861.
3, 7, 41
What are the prime factors of 29322?
2, 3, 181
List the prime factors of 7221.
3, 29, 83
List the prime factors of 327.
3, 109
What are the prime factors of 8910?
2, 3, 5, 11
What are the prime factors of 11199?
3, 3733
List the prime factors of 1366.
2, 683
What are the prime factors of 66104?
2, 8263
List the prime factors of 12853.
12853
List the prime factors of 8401.
31, 271
List the prime factors of 17504.
2, 547
List the prime factors of 15855.
3, 5, 7, 151
What are the prime factors of 13390?
2, 5, 13, 103
What are the prime factors of 230?
2, 5, 23
List the prime factors of 28182.
2, 3, 7, 11, 61
What are the prime factors of 36893?
79, 467
What are the prime factors of 11734?
2, 5867
What are the prime factors of 7169?
67, 107
What are the prime factors of 324?
2, 3
What are the prime factors of 2185?
5, 19, 23
List the prime factors of 5516.
2, 7, 197
What are the prime factors of 39766?
2, 59, 337
What are the prime factors of 1743?
3, 7, 83
List the prime factors of 408.
2, 3, 17
What are the prime factors of 27633?
3, 61, 151
What are the prime factors of 615?
3, 5, 41
List the prime factors of 3276.
2, 3, 7, 13
List the prime factors of 1369.
37
What are the prime factors of 129?
3, 43
What are the prime factors of 8417?
19, 443
What are the prime factors of 1373?
1373
List the prime factors of 143958.
2, 3, 23993
What are the prime factors of 25984?
2, 7, 29
List the prime factors of 1229.
1229
List the prime factors of 4068.
2, 3, 113
List the prime factors of 2046.
2, 3, 11, 31
What are the prime factors of 4473?
3, 7, 71
What are the prime factors of 281?
281
What are the prime factors of 718?
2, 359
What are the prime factors of 71316?
2, 3, 7, 283
List the prime factors of 37392.
2, 3, 19, 41
List the prime factors of 724.
2, 181
What are the prime factors of 65235?
3, 5, 4349
What are the prime factors of 836?
2, 11, 19
List the prime factors of 3763.
53, 71
What are the prime factors of 9434?
2, 53, 89
What are the prime factors of 3067?
3067
List the prime factors of 138699.
3, 11, 467
What are the prime factors of 17239?
17239
What are the prime factors of 41950?
2, 5, 839
List the prime factors of 11295.
3, 5, 251
What are the prime factors of 43842?
2, 3, 7307
What are the prime factors of 48218?
2, 24109
What are the prime factors of 1014?
2, 3, 13
What are the prime factors of 9314?
2, 4657
What are the prime factors of 28351?
28351
What are the prime factors of 3528?
2, 3, 7
What are the prime factors of 91936?
2, 13, 17
List the prime factors of 43497.
3, 179
List the prime factors of 12855.
3, 5, 857
What are the prime factors of 11613?
3, 7, 79
What are the prime factors of 563?
563
List the prime factors of 11585.
5, 7, 331
What are the prime factors of 6037?
6037
What are the prime factors of 1596?
2, 3, 7, 19
List the prime factors of 661.
661
List the prime factors of 3100.
2, 5, 31
What are the prime factors of 157648?
2, 59, 167
What are the prime factors of 1833?
3, 13, 47
What are the prime factors of 4953?
3, 13, 127
List the prime factors of 765.
3, 5, 17
List the prime factors of 105315.
3, 5, 7, 17, 59
List the prime factors of 1003.
17, 59
List the prime factors of 39396.
2, 3, 7, 67
What are the prime factors of 2420?
2, 5, 11
List the prime factors of 36585.
3, 5, 271
List the prime factors of 154.
2, 7, 11
List the prime factors of 1699.
1699
What are the prime factors of 1718?
2, 859
What are the prime factors of 2371?
2371
What are the prime factors of 155?
5, 31
What are the prime factors of 804?
2, 3, 67
List the prime factors of 1511.
1511
List the prime factors of 10041.
3, 3347
What are the prime factors of 2489?
19, 131
What are the prime factors of 985?
5, 197
List the prime factors of 3641.
11, 331
List th